{"id":1420,"date":"2025-02-26T18:26:51","date_gmt":"2025-02-26T18:26:51","guid":{"rendered":"https:\/\/innovartpublicidad.mx\/?page_id=1420"},"modified":"2025-02-26T22:27:23","modified_gmt":"2025-02-26T22:27:23","slug":"cnc-plasma","status":"publish","type":"page","link":"https:\/\/innovartpublicidad.mx\/index.php\/cnc-plasma\/","title":{"rendered":"CNC Plasma"},"content":{"rendered":"\t\t<div data-elementor-type=\"wp-page\" data-elementor-id=\"1420\" class=\"elementor elementor-1420\">\n\t\t\t\t\t\t<section class=\"elementor-section elementor-top-section elementor-element elementor-element-559784c6 elementor-section-content-middle elementor-reverse-mobile elementor-section-boxed elementor-section-height-default elementor-section-height-default\" data-id=\"559784c6\" data-element_type=\"section\" data-e-type=\"section\">\n\t\t\t\t\t\t<div class=\"elementor-container elementor-column-gap-no\">\n\t\t\t\t\t<div class=\"elementor-column elementor-col-50 elementor-top-column elementor-element elementor-element-710f143\" data-id=\"710f143\" data-element_type=\"column\" data-e-type=\"column\">\n\t\t\t<div class=\"elementor-widget-wrap elementor-element-populated\">\n\t\t\t\t\t\t<div class=\"elementor-element elementor-element-23f3df13 elementor-widget elementor-widget-heading\" data-id=\"23f3df13\" data-element_type=\"widget\" data-e-type=\"widget\" data-widget_type=\"heading.default\">\n\t\t\t\t<div class=\"elementor-widget-container\">\n\t\t\t\t\t<h4 class=\"elementor-heading-title elementor-size-default\">SOBRE EL<br>CNC CORTE <br>CON PLASMA<\/h4>\t\t\t\t<\/div>\n\t\t\t\t<\/div>\n\t\t\t\t<div class=\"elementor-element elementor-element-41cdbcac elementor-widget elementor-widget-text-editor\" data-id=\"41cdbcac\" data-element_type=\"widget\" data-e-type=\"widget\" data-widget_type=\"text-editor.default\">\n\t\t\t\t<div class=\"elementor-widget-container\">\n\t\t\t\t\t\t\t\t\t<p>Es un proceso de fabricaci\u00f3n que utiliza un chorro de plasma a alta temperatura para cortar metales con precisi\u00f3n. Se combina con un sistema CNC (Control Num\u00e9rico por Computadora), lo que significa que los cortes se realizan de forma automatizada y programada, siguiendo dise\u00f1os digitales con exactitud.<\/p><p data-start=\"347\" data-end=\"648\">Este tipo de corte es ideal para trabajar materiales como acero, aluminio e inoxidable, logrando cortes limpios, r\u00e1pidos y detallados, incluso en piezas gruesas o con formas complejas. Se usa en la fabricaci\u00f3n de estructuras met\u00e1licas, se\u00f1al\u00e9tica, piezas industriales y proyectos personalizados.<\/p>\t\t\t\t\t\t\t\t<\/div>\n\t\t\t\t<\/div>\n\t\t\t\t<div class=\"elementor-element elementor-element-5d56da1a elementor-widget elementor-widget-button\" data-id=\"5d56da1a\" data-element_type=\"widget\" data-e-type=\"widget\" data-widget_type=\"button.default\">\n\t\t\t\t<div class=\"elementor-widget-container\">\n\t\t\t\t\t\t\t\t\t<div class=\"elementor-button-wrapper\">\n\t\t\t\t\t<a class=\"elementor-button elementor-button-link elementor-size-sm elementor-animation-grow\" href=\"https:\/\/innovartpublicidad.mx\/\">\n\t\t\t\t\t\t<span class=\"elementor-button-content-wrapper\">\n\t\t\t\t\t\t\t\t\t<span class=\"elementor-button-text\">Leer mas<\/span>\n\t\t\t\t\t<\/span>\n\t\t\t\t\t<\/a>\n\t\t\t\t<\/div>\n\t\t\t\t\t\t\t\t<\/div>\n\t\t\t\t<\/div>\n\t\t\t\t\t<\/div>\n\t\t<\/div>\n\t\t\t\t<div class=\"elementor-column elementor-col-50 elementor-top-column elementor-element elementor-element-7a61dc70\" data-id=\"7a61dc70\" data-element_type=\"column\" data-e-type=\"column\">\n\t\t\t<div class=\"elementor-widget-wrap elementor-element-populated\">\n\t\t\t\t\t\t<div class=\"elementor-element elementor-element-38c02ca4 elementor-widget elementor-widget-image\" data-id=\"38c02ca4\" data-element_type=\"widget\" data-e-type=\"widget\" data-widget_type=\"image.default\">\n\t\t\t\t<div class=\"elementor-widget-container\">\n\t\t\t\t\t\t\t\t\t\t\t\t\t\t\t<img fetchpriority=\"high\" decoding=\"async\" width=\"750\" height=\"651\" src=\"https:\/\/innovartpublicidad.mx\/wp-content\/uploads\/2025\/02\/CNC-PLASMA-2-768x667.jpg\" class=\"attachment-medium_large size-medium_large wp-image-1436\" alt=\"\" \/>\t\t\t\t\t\t\t\t\t\t\t\t\t\t\t<\/div>\n\t\t\t\t<\/div>\n\t\t\t\t\t<\/div>\n\t\t<\/div>\n\t\t\t\t\t<\/div>\n\t\t<\/section>\n\t\t\t\t<section class=\"elementor-section elementor-top-section elementor-element elementor-element-2625d7a8 elementor-section-content-middle elementor-section-boxed elementor-section-height-default elementor-section-height-default\" data-id=\"2625d7a8\" data-element_type=\"section\" data-e-type=\"section\">\n\t\t\t\t\t\t<div class=\"elementor-container elementor-column-gap-no\">\n\t\t\t\t\t<div class=\"elementor-column elementor-col-100 elementor-top-column elementor-element elementor-element-70fc8d98\" data-id=\"70fc8d98\" data-element_type=\"column\" data-e-type=\"column\">\n\t\t\t<div class=\"elementor-widget-wrap elementor-element-populated\">\n\t\t\t\t\t\t<div class=\"elementor-element elementor-element-fde7970 elementor-widget-divider--view-line elementor-widget elementor-widget-divider\" data-id=\"fde7970\" data-element_type=\"widget\" data-e-type=\"widget\" data-widget_type=\"divider.default\">\n\t\t\t\t<div class=\"elementor-widget-container\">\n\t\t\t\t\t\t\t<div class=\"elementor-divider\">\n\t\t\t<span class=\"elementor-divider-separator\">\n\t\t\t\t\t\t<\/span>\n\t\t<\/div>\n\t\t\t\t\t\t<\/div>\n\t\t\t\t<\/div>\n\t\t\t\t<div class=\"elementor-element elementor-element-1203f41d elementor-widget elementor-widget-heading\" data-id=\"1203f41d\" data-element_type=\"widget\" data-e-type=\"widget\" data-widget_type=\"heading.default\">\n\t\t\t\t<div class=\"elementor-widget-container\">\n\t\t\t\t\t<h4 class=\"elementor-heading-title elementor-size-default\">\u00bfQu\u00e9 podemos crear?<\/h4>\t\t\t\t<\/div>\n\t\t\t\t<\/div>\n\t\t\t\t<div class=\"elementor-element elementor-element-414a3b80 elementor-widget elementor-widget-heading\" data-id=\"414a3b80\" data-element_type=\"widget\" data-e-type=\"widget\" data-widget_type=\"heading.default\">\n\t\t\t\t<div class=\"elementor-widget-container\">\n\t\t\t\t\t<h5 class=\"elementor-heading-title elementor-size-default\">Productos y usos con CNC PLASMA<\/h5>\t\t\t\t<\/div>\n\t\t\t\t<\/div>\n\t\t\t\t<section class=\"elementor-section elementor-inner-section elementor-element elementor-element-1769f66b elementor-section-content-middle elementor-section-boxed elementor-section-height-default elementor-section-height-default\" data-id=\"1769f66b\" data-element_type=\"section\" data-e-type=\"section\">\n\t\t\t\t\t\t<div class=\"elementor-container elementor-column-gap-no\">\n\t\t\t\t\t<div class=\"elementor-column elementor-col-25 elementor-inner-column elementor-element elementor-element-4abbf3a7\" data-id=\"4abbf3a7\" data-element_type=\"column\" data-e-type=\"column\">\n\t\t\t<div class=\"elementor-widget-wrap elementor-element-populated\">\n\t\t\t\t\t\t<div class=\"elementor-element elementor-element-2cfae4c3 elementor-widget elementor-widget-image\" data-id=\"2cfae4c3\" data-element_type=\"widget\" data-e-type=\"widget\" data-widget_type=\"image.default\">\n\t\t\t\t<div class=\"elementor-widget-container\">\n\t\t\t\t\t\t\t\t\t\t\t\t\t\t\t<img decoding=\"async\" width=\"750\" height=\"750\" src=\"https:\/\/innovartpublicidad.mx\/wp-content\/uploads\/2025\/02\/DESCRIPCION-1024x1024.png\" class=\"attachment-large size-large wp-image-1466\" alt=\"\" srcset=\"https:\/\/innovartpublicidad.mx\/wp-content\/uploads\/2025\/02\/DESCRIPCION-1024x1024.png 1024w, https:\/\/innovartpublicidad.mx\/wp-content\/uploads\/2025\/02\/DESCRIPCION-300x300.png 300w, https:\/\/innovartpublicidad.mx\/wp-content\/uploads\/2025\/02\/DESCRIPCION-150x150.png 150w, https:\/\/innovartpublicidad.mx\/wp-content\/uploads\/2025\/02\/DESCRIPCION-768x768.png 768w, https:\/\/innovartpublicidad.mx\/wp-content\/uploads\/2025\/02\/DESCRIPCION-1536x1536.png 1536w, https:\/\/innovartpublicidad.mx\/wp-content\/uploads\/2025\/02\/DESCRIPCION.png 1600w\" sizes=\"(max-width: 750px) 100vw, 750px\" \/>\t\t\t\t\t\t\t\t\t\t\t\t\t\t\t<\/div>\n\t\t\t\t<\/div>\n\t\t\t\t\t<\/div>\n\t\t<\/div>\n\t\t\t\t<div class=\"elementor-column elementor-col-25 elementor-inner-column elementor-element elementor-element-7e18a723\" data-id=\"7e18a723\" data-element_type=\"column\" data-e-type=\"column\">\n\t\t\t<div class=\"elementor-widget-wrap elementor-element-populated\">\n\t\t\t\t\t\t<div class=\"elementor-element elementor-element-10ded5b4 elementor-widget elementor-widget-image\" data-id=\"10ded5b4\" data-element_type=\"widget\" data-e-type=\"widget\" data-widget_type=\"image.default\">\n\t\t\t\t<div class=\"elementor-widget-container\">\n\t\t\t\t\t\t\t\t\t\t\t\t\t\t\t<img decoding=\"async\" width=\"750\" height=\"750\" src=\"https:\/\/innovartpublicidad.mx\/wp-content\/uploads\/2025\/02\/ESTRUCTURAS-1024x1024.png\" class=\"attachment-large size-large wp-image-1470\" alt=\"\" srcset=\"https:\/\/innovartpublicidad.mx\/wp-content\/uploads\/2025\/02\/ESTRUCTURAS-1024x1024.png 1024w, https:\/\/innovartpublicidad.mx\/wp-content\/uploads\/2025\/02\/ESTRUCTURAS-300x300.png 300w, https:\/\/innovartpublicidad.mx\/wp-content\/uploads\/2025\/02\/ESTRUCTURAS-150x150.png 150w, https:\/\/innovartpublicidad.mx\/wp-content\/uploads\/2025\/02\/ESTRUCTURAS-768x768.png 768w, https:\/\/innovartpublicidad.mx\/wp-content\/uploads\/2025\/02\/ESTRUCTURAS-1536x1536.png 1536w, https:\/\/innovartpublicidad.mx\/wp-content\/uploads\/2025\/02\/ESTRUCTURAS.png 1600w\" sizes=\"(max-width: 750px) 100vw, 750px\" \/>\t\t\t\t\t\t\t\t\t\t\t\t\t\t\t<\/div>\n\t\t\t\t<\/div>\n\t\t\t\t\t<\/div>\n\t\t<\/div>\n\t\t\t\t<div class=\"elementor-column elementor-col-25 elementor-inner-column elementor-element elementor-element-1a5114b0\" data-id=\"1a5114b0\" data-element_type=\"column\" data-e-type=\"column\">\n\t\t\t<div class=\"elementor-widget-wrap elementor-element-populated\">\n\t\t\t\t\t\t<div class=\"elementor-element elementor-element-51b26f06 elementor-widget elementor-widget-image\" data-id=\"51b26f06\" data-element_type=\"widget\" data-e-type=\"widget\" data-widget_type=\"image.default\">\n\t\t\t\t<div class=\"elementor-widget-container\">\n\t\t\t\t\t\t\t\t\t\t\t\t\t\t\t<img loading=\"lazy\" decoding=\"async\" width=\"750\" height=\"750\" src=\"https:\/\/innovartpublicidad.mx\/wp-content\/uploads\/2025\/02\/celosia-1024x1024.png\" class=\"attachment-large size-large wp-image-1475\" alt=\"\" srcset=\"https:\/\/innovartpublicidad.mx\/wp-content\/uploads\/2025\/02\/celosia-1024x1024.png 1024w, https:\/\/innovartpublicidad.mx\/wp-content\/uploads\/2025\/02\/celosia-300x300.png 300w, https:\/\/innovartpublicidad.mx\/wp-content\/uploads\/2025\/02\/celosia-150x150.png 150w, https:\/\/innovartpublicidad.mx\/wp-content\/uploads\/2025\/02\/celosia-768x768.png 768w, https:\/\/innovartpublicidad.mx\/wp-content\/uploads\/2025\/02\/celosia-1536x1536.png 1536w, https:\/\/innovartpublicidad.mx\/wp-content\/uploads\/2025\/02\/celosia.png 1600w\" sizes=\"(max-width: 750px) 100vw, 750px\" \/>\t\t\t\t\t\t\t\t\t\t\t\t\t\t\t<\/div>\n\t\t\t\t<\/div>\n\t\t\t\t\t<\/div>\n\t\t<\/div>\n\t\t\t\t<div class=\"elementor-column elementor-col-25 elementor-inner-column elementor-element elementor-element-2f9cf500\" data-id=\"2f9cf500\" data-element_type=\"column\" data-e-type=\"column\">\n\t\t\t<div class=\"elementor-widget-wrap elementor-element-populated\">\n\t\t\t\t\t\t<div class=\"elementor-element elementor-element-17356926 elementor-widget elementor-widget-image\" data-id=\"17356926\" data-element_type=\"widget\" data-e-type=\"widget\" data-widget_type=\"image.default\">\n\t\t\t\t<div class=\"elementor-widget-container\">\n\t\t\t\t\t\t\t\t\t\t\t\t\t\t\t<img loading=\"lazy\" decoding=\"async\" width=\"750\" height=\"750\" src=\"https:\/\/innovartpublicidad.mx\/wp-content\/uploads\/2025\/02\/asadores-1-1024x1024.png\" class=\"attachment-large size-large wp-image-1477\" alt=\"\" srcset=\"https:\/\/innovartpublicidad.mx\/wp-content\/uploads\/2025\/02\/asadores-1-1024x1024.png 1024w, https:\/\/innovartpublicidad.mx\/wp-content\/uploads\/2025\/02\/asadores-1-300x300.png 300w, https:\/\/innovartpublicidad.mx\/wp-content\/uploads\/2025\/02\/asadores-1-150x150.png 150w, https:\/\/innovartpublicidad.mx\/wp-content\/uploads\/2025\/02\/asadores-1-768x768.png 768w, https:\/\/innovartpublicidad.mx\/wp-content\/uploads\/2025\/02\/asadores-1-1536x1536.png 1536w, https:\/\/innovartpublicidad.mx\/wp-content\/uploads\/2025\/02\/asadores-1.png 1600w\" sizes=\"(max-width: 750px) 100vw, 750px\" \/>\t\t\t\t\t\t\t\t\t\t\t\t\t\t\t<\/div>\n\t\t\t\t<\/div>\n\t\t\t\t\t<\/div>\n\t\t<\/div>\n\t\t\t\t\t<\/div>\n\t\t<\/section>\n\t\t\t\t<div class=\"elementor-element elementor-element-f8df6c4 elementor-widget-divider--view-line elementor-widget elementor-widget-divider\" data-id=\"f8df6c4\" data-element_type=\"widget\" data-e-type=\"widget\" data-widget_type=\"divider.default\">\n\t\t\t\t<div class=\"elementor-widget-container\">\n\t\t\t\t\t\t\t<div class=\"elementor-divider\">\n\t\t\t<span class=\"elementor-divider-separator\">\n\t\t\t\t\t\t<\/span>\n\t\t<\/div>\n\t\t\t\t\t\t<\/div>\n\t\t\t\t<\/div>\n\t\t\t\t\t<\/div>\n\t\t<\/div>\n\t\t\t\t\t<\/div>\n\t\t<\/section>\n\t\t\t\t<section class=\"elementor-section elementor-top-section elementor-element elementor-element-738c4d6a elementor-section-content-middle elementor-section-boxed elementor-section-height-default elementor-section-height-default\" data-id=\"738c4d6a\" data-element_type=\"section\" data-e-type=\"section\">\n\t\t\t\t\t\t<div class=\"elementor-container elementor-column-gap-no\">\n\t\t\t\t\t<div class=\"elementor-column elementor-col-50 elementor-top-column elementor-element elementor-element-6d536d29\" data-id=\"6d536d29\" data-element_type=\"column\" data-e-type=\"column\">\n\t\t\t<div class=\"elementor-widget-wrap elementor-element-populated\">\n\t\t\t\t\t\t<div class=\"elementor-element elementor-element-705a7359 elementor-widget-divider--view-line elementor-widget elementor-widget-divider\" data-id=\"705a7359\" data-element_type=\"widget\" data-e-type=\"widget\" data-widget_type=\"divider.default\">\n\t\t\t\t<div class=\"elementor-widget-container\">\n\t\t\t\t\t\t\t<div class=\"elementor-divider\">\n\t\t\t<span class=\"elementor-divider-separator\">\n\t\t\t\t\t\t<\/span>\n\t\t<\/div>\n\t\t\t\t\t\t<\/div>\n\t\t\t\t<\/div>\n\t\t\t\t<div class=\"elementor-element elementor-element-851639d elementor-widget elementor-widget-heading\" data-id=\"851639d\" data-element_type=\"widget\" data-e-type=\"widget\" data-widget_type=\"heading.default\">\n\t\t\t\t<div class=\"elementor-widget-container\">\n\t\t\t\t\t<h4 class=\"elementor-heading-title elementor-size-default\">plasma<\/h4>\t\t\t\t<\/div>\n\t\t\t\t<\/div>\n\t\t\t\t\t<\/div>\n\t\t<\/div>\n\t\t\t\t<div class=\"elementor-column elementor-col-50 elementor-top-column elementor-element elementor-element-f595251\" data-id=\"f595251\" data-element_type=\"column\" data-e-type=\"column\">\n\t\t\t<div class=\"elementor-widget-wrap elementor-element-populated\">\n\t\t\t\t\t\t<div class=\"elementor-element elementor-element-cf24d91 elementor-widget elementor-widget-text-editor\" data-id=\"cf24d91\" data-element_type=\"widget\" data-e-type=\"widget\" data-widget_type=\"text-editor.default\">\n\t\t\t\t<div class=\"elementor-widget-container\">\n\t\t\t\t\t\t\t\t\t<p><strong data-start=\"629\" data-end=\"669\">\u00bfPor qu\u00e9 elegir el corte por plasma?<\/strong><br data-start=\"669\" data-end=\"672\" \/>\u2705 Rapidez y precisi\u00f3n en cortes complejos<br data-start=\"713\" data-end=\"716\" \/>\u2705 Acabados limpios sin necesidad de retoques<br data-start=\"760\" data-end=\"763\" data-is-only-node=\"\" \/>\u2705 Compatible con diversos tipos y grosores de metal<br data-start=\"814\" data-end=\"817\" \/>\u2705 Perfecto para proyectos industriales y decorativos<\/p>\t\t\t\t\t\t\t\t<\/div>\n\t\t\t\t<\/div>\n\t\t\t\t<div class=\"elementor-element elementor-element-129762a3 elementor-widget elementor-widget-text-editor\" data-id=\"129762a3\" data-element_type=\"widget\" data-e-type=\"widget\" data-widget_type=\"text-editor.default\">\n\t\t\t\t<div class=\"elementor-widget-container\">\n\t\t\t\t\t\t\t\t\t<div>\n<p>Si buscas un <strong data-start=\"886\" data-end=\"920\">corte met\u00e1lico de alta calidad<\/strong>, el <strong data-start=\"925\" data-end=\"939\">Plasma CNC<\/strong> es la mejor opci\u00f3n.&nbsp;<\/p><p>\u00a1Transforma tus ideas en metal con tecnolog\u00eda de vanguardia!<\/p>\n<\/div>\n<div>&nbsp;<\/div>\t\t\t\t\t\t\t\t<\/div>\n\t\t\t\t<\/div>\n\t\t\t\t\t<\/div>\n\t\t<\/div>\n\t\t\t\t\t<\/div>\n\t\t<\/section>\n\t\t\t\t<\/div>\n\t\t","protected":false},"excerpt":{"rendered":"<p>SOBRE ELCNC CORTE CON PLASMA Es un proceso de fabricaci\u00f3n que utiliza un chorro de plasma a alta temperatura para cortar metales con precisi\u00f3n. Se combina con un sistema CNC (Control Num\u00e9rico por Computadora), lo que significa que los cortes se realizan de forma automatizada y programada, siguiendo dise\u00f1os digitales [&hellip;]<\/p>\n","protected":false},"author":1,"featured_media":1433,"parent":0,"menu_order":0,"comment_status":"closed","ping_status":"closed","template":"page-templates\/template-pagebuilder-full-width.php","meta":{"om_disable_all_campaigns":false,"_monsterinsights_skip_tracking":false,"_monsterinsights_sitenote_active":false,"_monsterinsights_sitenote_note":"","_monsterinsights_sitenote_category":0,"_themeisle_gutenberg_block_has_review":false,"_joinchat":[],"footnotes":""},"class_list":["post-1420","page","type-page","status-publish","has-post-thumbnail","hentry"],"aioseo_notices":[],"featured_media_urls":{"thumbnail":["https:\/\/innovartpublicidad.mx\/wp-content\/uploads\/2025\/02\/CNC-PLASMA-150x150.jpg",150,150,true],"medium":["https:\/\/innovartpublicidad.mx\/wp-content\/uploads\/2025\/02\/CNC-PLASMA-300x300.jpg",300,300,true],"medium_large":["https:\/\/innovartpublicidad.mx\/wp-content\/uploads\/2025\/02\/CNC-PLASMA-768x562.jpg",750,549,true],"large":["https:\/\/innovartpublicidad.mx\/wp-content\/uploads\/2025\/02\/CNC-PLASMA.jpg",750,422,false],"1536x1536":["https:\/\/innovartpublicidad.mx\/wp-content\/uploads\/2025\/02\/CNC-PLASMA.jpg",1000,562,false],"2048x2048":["https:\/\/innovartpublicidad.mx\/wp-content\/uploads\/2025\/02\/CNC-PLASMA.jpg",1000,562,false],"hestia-blog":["https:\/\/innovartpublicidad.mx\/wp-content\/uploads\/2025\/02\/CNC-PLASMA-360x240.jpg",360,240,true],"portfolio_item-thumbnail":["https:\/\/innovartpublicidad.mx\/wp-content\/uploads\/2025\/02\/CNC-PLASMA.jpg",600,337,false],"portfolio_item-thumbnail@2x":["https:\/\/innovartpublicidad.mx\/wp-content\/uploads\/2025\/02\/CNC-PLASMA.jpg",1000,562,false],"portfolio_item-masonry":["https:\/\/innovartpublicidad.mx\/wp-content\/uploads\/2025\/02\/CNC-PLASMA.jpg",600,337,false],"portfolio_item-masonry@2x":["https:\/\/innovartpublicidad.mx\/wp-content\/uploads\/2025\/02\/CNC-PLASMA.jpg",1000,562,false],"portfolio_item-thumbnail_cinema":["https:\/\/innovartpublicidad.mx\/wp-content\/uploads\/2025\/02\/CNC-PLASMA.jpg",596,335,false],"portfolio_item-thumbnail_portrait":["https:\/\/innovartpublicidad.mx\/wp-content\/uploads\/2025\/02\/CNC-PLASMA.jpg",600,337,false],"portfolio_item-thumbnail_portrait@2x":["https:\/\/innovartpublicidad.mx\/wp-content\/uploads\/2025\/02\/CNC-PLASMA.jpg",1000,562,false],"portfolio_item-thumbnail_square":["https:\/\/innovartpublicidad.mx\/wp-content\/uploads\/2025\/02\/CNC-PLASMA.jpg",800,450,false]},"_links":{"self":[{"href":"https:\/\/innovartpublicidad.mx\/index.php\/wp-json\/wp\/v2\/pages\/1420","targetHints":{"allow":["GET"]}}],"collection":[{"href":"https:\/\/innovartpublicidad.mx\/index.php\/wp-json\/wp\/v2\/pages"}],"about":[{"href":"https:\/\/innovartpublicidad.mx\/index.php\/wp-json\/wp\/v2\/types\/page"}],"author":[{"embeddable":true,"href":"https:\/\/innovartpublicidad.mx\/index.php\/wp-json\/wp\/v2\/users\/1"}],"replies":[{"embeddable":true,"href":"https:\/\/innovartpublicidad.mx\/index.php\/wp-json\/wp\/v2\/comments?post=1420"}],"version-history":[{"count":22,"href":"https:\/\/innovartpublicidad.mx\/index.php\/wp-json\/wp\/v2\/pages\/1420\/revisions"}],"predecessor-version":[{"id":1480,"href":"https:\/\/innovartpublicidad.mx\/index.php\/wp-json\/wp\/v2\/pages\/1420\/revisions\/1480"}],"wp:featuredmedia":[{"embeddable":true,"href":"https:\/\/innovartpublicidad.mx\/index.php\/wp-json\/wp\/v2\/media\/1433"}],"wp:attachment":[{"href":"https:\/\/innovartpublicidad.mx\/index.php\/wp-json\/wp\/v2\/media?parent=1420"}],"curies":[{"name":"wp","href":"https:\/\/api.w.org\/{rel}","templated":true}]}}