{"id":576,"date":"2023-04-12T04:29:42","date_gmt":"2023-04-12T04:29:42","guid":{"rendered":"https:\/\/innovartpublicidad.mx\/?page_id=576"},"modified":"2023-04-20T00:54:38","modified_gmt":"2023-04-20T00:54:38","slug":"gran-formato","status":"publish","type":"page","link":"https:\/\/innovartpublicidad.mx\/index.php\/gran-formato\/","title":{"rendered":"GRAN FORMATO"},"content":{"rendered":"<style>\/*! elementor - v3.12.1 - 02-04-2023 *\/<br \/>\n.elementor-widget-image{text-align:center}.elementor-widget-image a{display:inline-block}.elementor-widget-image a img[src$=\".svg\"]{width:48px}.elementor-widget-image img{vertical-align:middle;display:inline-block}<\/style>\n<p><img fetchpriority=\"high\" decoding=\"async\" src=\"http:\/\/innovartpublicidad.mx\/wp-content\/uploads\/2023\/04\/material-para-impresion-gran-formato.jpg\" sizes=\"100vw\" srcset=\"https:\/\/innovartpublicidad.mx\/wp-content\/uploads\/2023\/04\/material-para-impresion-gran-formato.jpg 800w, https:\/\/innovartpublicidad.mx\/wp-content\/uploads\/2023\/04\/material-para-impresion-gran-formato-600x450.jpg 600w\" alt=\"\" width=\"800\" height=\"600\" \/><\/p>\n<style>\/*! elementor - v3.12.1 - 02-04-2023 *\/<br \/>\n.elementor-heading-title{padding:0;margin:0;line-height:1}.elementor-widget-heading .elementor-heading-title[class*=elementor-size-]>a{color:inherit;font-size:inherit;line-height:inherit}.elementor-widget-heading .elementor-heading-title.elementor-size-small{font-size:15px}.elementor-widget-heading .elementor-heading-title.elementor-size-medium{font-size:19px}.elementor-widget-heading .elementor-heading-title.elementor-size-large{font-size:29px}.elementor-widget-heading .elementor-heading-title.elementor-size-xl{font-size:39px}.elementor-widget-heading .elementor-heading-title.elementor-size-xxl{font-size:59px}<\/style>\n<h2>Anunciate en grande!<\/h2>\n<p>La impresi\u00f3n de gran formato es aquella\u00a0<b>impresi\u00f3n de alta resoluci\u00f3n utilizada para transmitir y expresar im\u00e1genes y mensajes en grandes superficies<\/b>.<\/p>\n<p>La publicidad en gran formato\u00a0<b>es uno de los medios publicitarios m\u00e1s acertados para captar la atenci\u00f3n del p\u00fablico al que te diriges<\/b>. A diferencia de los formatos regulares, con la impresi\u00f3n en gran formato, la publicidad de tu negocio se ver\u00e1 desde las distancias m\u00e1s lejanas<\/p>\n<p>Para este tipo de impresion se utilizan tintas<b> donde la base de disoluci\u00f3n es un solvente vol\u00e1til que transporta los pigmentos<\/b>\u00a0y se utilizan principalmente para la se\u00f1alizaci\u00f3n en exterior debido a su alta resistencia a la luz solar.<\/p>\n<p><img decoding=\"async\" src=\"http:\/\/innovartpublicidad.mx\/wp-content\/uploads\/2023\/04\/mimaki-impresion-gran-formato.png\" sizes=\"100vw\" srcset=\"https:\/\/innovartpublicidad.mx\/wp-content\/uploads\/2023\/04\/mimaki-impresion-gran-formato.png 500w, https:\/\/innovartpublicidad.mx\/wp-content\/uploads\/2023\/04\/mimaki-impresion-gran-formato-300x300.png 300w, https:\/\/innovartpublicidad.mx\/wp-content\/uploads\/2023\/04\/mimaki-impresion-gran-formato-150x150.png 150w\" alt=\"\" width=\"500\" height=\"500\" \/><\/p>\n","protected":false},"excerpt":{"rendered":"<p>Anunciate en grande! La impresi\u00f3n de gran formato es aquella\u00a0impresi\u00f3n de alta resoluci\u00f3n utilizada para transmitir y expresar im\u00e1genes y mensajes en grandes superficies. La publicidad en gran formato\u00a0es uno de los medios publicitarios m\u00e1s acertados para captar la atenci\u00f3n del p\u00fablico al que te diriges. A diferencia de los [&hellip;]<\/p>\n","protected":false},"author":1,"featured_media":0,"parent":0,"menu_order":0,"comment_status":"closed","ping_status":"closed","template":"","meta":{"om_disable_all_campaigns":false,"_monsterinsights_skip_tracking":false,"_monsterinsights_sitenote_active":false,"_monsterinsights_sitenote_note":"","_monsterinsights_sitenote_category":0,"_themeisle_gutenberg_block_has_review":false,"_joinchat":[],"footnotes":""},"class_list":["post-576","page","type-page","status-publish","hentry"],"aioseo_notices":[],"featured_media_urls":[],"_links":{"self":[{"href":"https:\/\/innovartpublicidad.mx\/index.php\/wp-json\/wp\/v2\/pages\/576","targetHints":{"allow":["GET"]}}],"collection":[{"href":"https:\/\/innovartpublicidad.mx\/index.php\/wp-json\/wp\/v2\/pages"}],"about":[{"href":"https:\/\/innovartpublicidad.mx\/index.php\/wp-json\/wp\/v2\/types\/page"}],"author":[{"embeddable":true,"href":"https:\/\/innovartpublicidad.mx\/index.php\/wp-json\/wp\/v2\/users\/1"}],"replies":[{"embeddable":true,"href":"https:\/\/innovartpublicidad.mx\/index.php\/wp-json\/wp\/v2\/comments?post=576"}],"version-history":[{"count":19,"href":"https:\/\/innovartpublicidad.mx\/index.php\/wp-json\/wp\/v2\/pages\/576\/revisions"}],"predecessor-version":[{"id":879,"href":"https:\/\/innovartpublicidad.mx\/index.php\/wp-json\/wp\/v2\/pages\/576\/revisions\/879"}],"wp:attachment":[{"href":"https:\/\/innovartpublicidad.mx\/index.php\/wp-json\/wp\/v2\/media?parent=576"}],"curies":[{"name":"wp","href":"https:\/\/api.w.org\/{rel}","templated":true}]}}