{"id":901,"date":"2023-04-20T01:52:57","date_gmt":"2023-04-20T01:52:57","guid":{"rendered":"https:\/\/innovartpublicidad.mx\/?page_id=901"},"modified":"2023-05-22T06:59:22","modified_gmt":"2023-05-22T06:59:22","slug":"sublimacion","status":"publish","type":"page","link":"https:\/\/innovartpublicidad.mx\/index.php\/sublimacion\/","title":{"rendered":"Sublimacion"},"content":{"rendered":"\t\t<div data-elementor-type=\"wp-page\" data-elementor-id=\"901\" class=\"elementor elementor-901\">\n\t\t\t\t\t\t<section class=\"elementor-section elementor-top-section elementor-element elementor-element-ac1d13f elementor-section-boxed elementor-section-height-default elementor-section-height-default\" data-id=\"ac1d13f\" data-element_type=\"section\" data-e-type=\"section\">\n\t\t\t\t\t\t<div class=\"elementor-container elementor-column-gap-default\">\n\t\t\t\t\t<div class=\"elementor-column elementor-col-100 elementor-top-column elementor-element elementor-element-545ea19\" data-id=\"545ea19\" data-element_type=\"column\" data-e-type=\"column\">\n\t\t\t<div class=\"elementor-widget-wrap elementor-element-populated\">\n\t\t\t\t\t\t<div class=\"elementor-element elementor-element-d0ee0d6 elementor-widget elementor-widget-text-editor\" data-id=\"d0ee0d6\" data-element_type=\"widget\" data-e-type=\"widget\" data-widget_type=\"text-editor.default\">\n\t\t\t\t<div class=\"elementor-widget-container\">\n\t\t\t\t\t\t\t\t\t<p>La sublimaci\u00f3n es una t\u00e9cnica de personalizaci\u00f3n que permite transferir una imagen a una prenda de poli\u00e9ster, o a un art\u00edculo con recubrimiento de poli\u00e9ster, para hacerlo \u00fanico y exclusivo.<\/p><p>Esta transferencia se logra aplicando calor con una plancha transfer. La temperatura hace que la tinta de sublimaci\u00f3n pase de estado s\u00f3lido a gaseoso. De esta manera, el dise\u00f1o impreso en el papel de sublimaci\u00f3n penetrar\u00e1 en la superficie del objeto elegido.<\/p><p>Con este m\u00e9todo podr\u00e1s personalizar objetos en pocos pasos de manera profesional. Con la sublimaci\u00f3n, conseguir\u00e1s estampar im\u00e1genes con mucho detalle, colores vivos y una alta durabilidad al lavado. Adem\u00e1s, esta t\u00e9cnica requiere una muy baja inversi\u00f3n inicial, convirti\u00e9ndose as\u00ed en una excelente opci\u00f3n para empezar un negocio de personalizaci\u00f3n.<\/p>\t\t\t\t\t\t\t\t<\/div>\n\t\t\t\t<\/div>\n\t\t\t\t\t<\/div>\n\t\t<\/div>\n\t\t\t\t\t<\/div>\n\t\t<\/section>\n\t\t\t\t<section class=\"elementor-section elementor-top-section elementor-element elementor-element-b4df0a5 elementor-section-boxed elementor-section-height-default elementor-section-height-default\" data-id=\"b4df0a5\" data-element_type=\"section\" data-e-type=\"section\">\n\t\t\t\t\t\t<div class=\"elementor-container elementor-column-gap-default\">\n\t\t\t\t\t<div class=\"elementor-column elementor-col-50 elementor-top-column elementor-element elementor-element-147fd0e\" data-id=\"147fd0e\" data-element_type=\"column\" data-e-type=\"column\">\n\t\t\t<div class=\"elementor-widget-wrap elementor-element-populated\">\n\t\t\t\t\t\t<div class=\"elementor-element elementor-element-eb67674 elementor-widget elementor-widget-image\" data-id=\"eb67674\" data-element_type=\"widget\" data-e-type=\"widget\" data-widget_type=\"image.default\">\n\t\t\t\t<div class=\"elementor-widget-container\">\n\t\t\t\t\t\t\t\t\t\t\t\t\t\t\t<img fetchpriority=\"high\" decoding=\"async\" width=\"750\" height=\"420\" src=\"https:\/\/innovartpublicidad.mx\/wp-content\/uploads\/2023\/05\/tecnica-tazas-sublimacion-1024x573-1.jpg\" class=\"attachment-large size-large wp-image-972\" alt=\"\" srcset=\"https:\/\/innovartpublicidad.mx\/wp-content\/uploads\/2023\/05\/tecnica-tazas-sublimacion-1024x573-1.jpg 1024w, https:\/\/innovartpublicidad.mx\/wp-content\/uploads\/2023\/05\/tecnica-tazas-sublimacion-1024x573-1-600x336.jpg 600w\" sizes=\"(max-width: 750px) 100vw, 750px\" \/>\t\t\t\t\t\t\t\t\t\t\t\t\t\t\t<\/div>\n\t\t\t\t<\/div>\n\t\t\t\t\t<\/div>\n\t\t<\/div>\n\t\t\t\t<div class=\"elementor-column elementor-col-50 elementor-top-column elementor-element elementor-element-c2437d8\" data-id=\"c2437d8\" data-element_type=\"column\" data-e-type=\"column\">\n\t\t\t<div class=\"elementor-widget-wrap elementor-element-populated\">\n\t\t\t\t\t\t<div class=\"elementor-element elementor-element-dd4a502 elementor-widget elementor-widget-image\" data-id=\"dd4a502\" data-element_type=\"widget\" data-e-type=\"widget\" data-widget_type=\"image.default\">\n\t\t\t\t<div class=\"elementor-widget-container\">\n\t\t\t\t\t\t\t\t\t\t\t\t\t\t\t<img decoding=\"async\" width=\"600\" height=\"400\" src=\"https:\/\/innovartpublicidad.mx\/wp-content\/uploads\/2023\/05\/SUBLIMACION-600x400.jpg\" class=\"attachment-portfolio_item-thumbnail size-portfolio_item-thumbnail wp-image-973\" alt=\"\" \/>\t\t\t\t\t\t\t\t\t\t\t\t\t\t\t<\/div>\n\t\t\t\t<\/div>\n\t\t\t\t\t<\/div>\n\t\t<\/div>\n\t\t\t\t\t<\/div>\n\t\t<\/section>\n\t\t\t\t<section class=\"elementor-section elementor-top-section elementor-element elementor-element-ec7683d elementor-section-boxed elementor-section-height-default elementor-section-height-default\" data-id=\"ec7683d\" data-element_type=\"section\" data-e-type=\"section\">\n\t\t\t\t\t\t<div class=\"elementor-container elementor-column-gap-default\">\n\t\t\t\t\t<div class=\"elementor-column elementor-col-25 elementor-top-column elementor-element elementor-element-1a6f45f\" data-id=\"1a6f45f\" data-element_type=\"column\" data-e-type=\"column\">\n\t\t\t<div class=\"elementor-widget-wrap elementor-element-populated\">\n\t\t\t\t\t\t<div class=\"elementor-element elementor-element-11169b7 elementor-widget elementor-widget-image\" data-id=\"11169b7\" data-element_type=\"widget\" data-e-type=\"widget\" data-widget_type=\"image.default\">\n\t\t\t\t<div class=\"elementor-widget-container\">\n\t\t\t\t\t\t\t\t\t\t\t\t\t\t\t<img decoding=\"async\" width=\"486\" height=\"568\" src=\"https:\/\/innovartpublicidad.mx\/wp-content\/uploads\/2023\/05\/D_NQ_NP_984775-MLM47326139441_092021-W.jpg\" class=\"attachment-large size-large wp-image-1080\" alt=\"\" \/>\t\t\t\t\t\t\t\t\t\t\t\t\t\t\t<\/div>\n\t\t\t\t<\/div>\n\t\t\t\t\t<\/div>\n\t\t<\/div>\n\t\t\t\t<div class=\"elementor-column elementor-col-25 elementor-top-column elementor-element elementor-element-da880ec\" data-id=\"da880ec\" data-element_type=\"column\" data-e-type=\"column\">\n\t\t\t<div class=\"elementor-widget-wrap elementor-element-populated\">\n\t\t\t\t\t\t<div class=\"elementor-element elementor-element-0e9d5f6 elementor-widget elementor-widget-image\" data-id=\"0e9d5f6\" data-element_type=\"widget\" data-e-type=\"widget\" data-widget_type=\"image.default\">\n\t\t\t\t<div class=\"elementor-widget-container\">\n\t\t\t\t\t\t\t\t\t\t\t\t\t\t\t<img loading=\"lazy\" decoding=\"async\" width=\"497\" height=\"500\" src=\"https:\/\/innovartpublicidad.mx\/wp-content\/uploads\/2023\/05\/D_NQ_NP_815205-MLM48310602274_112021-O.jpg\" class=\"attachment-large size-large wp-image-1076\" alt=\"\" srcset=\"https:\/\/innovartpublicidad.mx\/wp-content\/uploads\/2023\/05\/D_NQ_NP_815205-MLM48310602274_112021-O.jpg 497w, https:\/\/innovartpublicidad.mx\/wp-content\/uploads\/2023\/05\/D_NQ_NP_815205-MLM48310602274_112021-O-150x150.jpg 150w\" sizes=\"(max-width: 497px) 100vw, 497px\" \/>\t\t\t\t\t\t\t\t\t\t\t\t\t\t\t<\/div>\n\t\t\t\t<\/div>\n\t\t\t\t\t<\/div>\n\t\t<\/div>\n\t\t\t\t<div class=\"elementor-column elementor-col-25 elementor-top-column elementor-element elementor-element-3af1200\" data-id=\"3af1200\" data-element_type=\"column\" data-e-type=\"column\">\n\t\t\t<div class=\"elementor-widget-wrap elementor-element-populated\">\n\t\t\t\t\t\t<div class=\"elementor-element elementor-element-c5c6e3b elementor-widget elementor-widget-image\" data-id=\"c5c6e3b\" data-element_type=\"widget\" data-e-type=\"widget\" data-widget_type=\"image.default\">\n\t\t\t\t<div class=\"elementor-widget-container\">\n\t\t\t\t\t\t\t\t\t\t\t\t\t\t\t<img loading=\"lazy\" decoding=\"async\" width=\"750\" height=\"750\" src=\"https:\/\/innovartpublicidad.mx\/wp-content\/uploads\/2023\/05\/816b1bfaada2b5a21d16f6a3fcf27af2.jpg\" class=\"attachment-large size-large wp-image-1075\" alt=\"\" srcset=\"https:\/\/innovartpublicidad.mx\/wp-content\/uploads\/2023\/05\/816b1bfaada2b5a21d16f6a3fcf27af2.jpg 1000w, https:\/\/innovartpublicidad.mx\/wp-content\/uploads\/2023\/05\/816b1bfaada2b5a21d16f6a3fcf27af2-300x300.jpg 300w, https:\/\/innovartpublicidad.mx\/wp-content\/uploads\/2023\/05\/816b1bfaada2b5a21d16f6a3fcf27af2-150x150.jpg 150w, https:\/\/innovartpublicidad.mx\/wp-content\/uploads\/2023\/05\/816b1bfaada2b5a21d16f6a3fcf27af2-768x768.jpg 768w, https:\/\/innovartpublicidad.mx\/wp-content\/uploads\/2023\/05\/816b1bfaada2b5a21d16f6a3fcf27af2-600x600.jpg 600w, https:\/\/innovartpublicidad.mx\/wp-content\/uploads\/2023\/05\/816b1bfaada2b5a21d16f6a3fcf27af2-800x800.jpg 800w\" sizes=\"(max-width: 750px) 100vw, 750px\" \/>\t\t\t\t\t\t\t\t\t\t\t\t\t\t\t<\/div>\n\t\t\t\t<\/div>\n\t\t\t\t\t<\/div>\n\t\t<\/div>\n\t\t\t\t<div class=\"elementor-column elementor-col-25 elementor-top-column elementor-element elementor-element-4bad9a4\" data-id=\"4bad9a4\" data-element_type=\"column\" data-e-type=\"column\">\n\t\t\t<div class=\"elementor-widget-wrap elementor-element-populated\">\n\t\t\t\t\t\t<div class=\"elementor-element elementor-element-7d5f286 elementor-widget elementor-widget-image\" data-id=\"7d5f286\" data-element_type=\"widget\" data-e-type=\"widget\" data-widget_type=\"image.default\">\n\t\t\t\t<div class=\"elementor-widget-container\">\n\t\t\t\t\t\t\t\t\t\t\t\t\t\t\t<img loading=\"lazy\" decoding=\"async\" width=\"750\" height=\"750\" src=\"https:\/\/innovartpublicidad.mx\/wp-content\/uploads\/2023\/05\/High-Quality-Custom-Your-Design-Sublimation-Printing-Long-Sleeve-Customized-Fishing-Crew-Shirts-Jersey-for-Man-1024x1024.jpg\" class=\"attachment-large size-large wp-image-1081\" alt=\"\" srcset=\"https:\/\/innovartpublicidad.mx\/wp-content\/uploads\/2023\/05\/High-Quality-Custom-Your-Design-Sublimation-Printing-Long-Sleeve-Customized-Fishing-Crew-Shirts-Jersey-for-Man-1024x1024.jpg 1024w, https:\/\/innovartpublicidad.mx\/wp-content\/uploads\/2023\/05\/High-Quality-Custom-Your-Design-Sublimation-Printing-Long-Sleeve-Customized-Fishing-Crew-Shirts-Jersey-for-Man-300x300.jpg 300w, https:\/\/innovartpublicidad.mx\/wp-content\/uploads\/2023\/05\/High-Quality-Custom-Your-Design-Sublimation-Printing-Long-Sleeve-Customized-Fishing-Crew-Shirts-Jersey-for-Man-150x150.jpg 150w, https:\/\/innovartpublicidad.mx\/wp-content\/uploads\/2023\/05\/High-Quality-Custom-Your-Design-Sublimation-Printing-Long-Sleeve-Customized-Fishing-Crew-Shirts-Jersey-for-Man-768x768.jpg 768w, https:\/\/innovartpublicidad.mx\/wp-content\/uploads\/2023\/05\/High-Quality-Custom-Your-Design-Sublimation-Printing-Long-Sleeve-Customized-Fishing-Crew-Shirts-Jersey-for-Man-800x800.jpg 800w\" sizes=\"(max-width: 750px) 100vw, 750px\" \/>\t\t\t\t\t\t\t\t\t\t\t\t\t\t\t<\/div>\n\t\t\t\t<\/div>\n\t\t\t\t\t<\/div>\n\t\t<\/div>\n\t\t\t\t\t<\/div>\n\t\t<\/section>\n\t\t\t\t<\/div>\n\t\t","protected":false},"excerpt":{"rendered":"<p>La sublimaci\u00f3n es una t\u00e9cnica de personalizaci\u00f3n que permite transferir una imagen a una prenda de poli\u00e9ster, o a un art\u00edculo con recubrimiento de poli\u00e9ster, para hacerlo \u00fanico y exclusivo. Esta transferencia se logra aplicando calor con una plancha transfer. La temperatura hace que la tinta de sublimaci\u00f3n pase de [&hellip;]<\/p>\n","protected":false},"author":1,"featured_media":0,"parent":0,"menu_order":0,"comment_status":"closed","ping_status":"closed","template":"","meta":{"om_disable_all_campaigns":false,"_monsterinsights_skip_tracking":false,"_monsterinsights_sitenote_active":false,"_monsterinsights_sitenote_note":"","_monsterinsights_sitenote_category":0,"_themeisle_gutenberg_block_has_review":false,"_joinchat":[],"footnotes":""},"class_list":["post-901","page","type-page","status-publish","hentry"],"aioseo_notices":[],"featured_media_urls":[],"_links":{"self":[{"href":"https:\/\/innovartpublicidad.mx\/index.php\/wp-json\/wp\/v2\/pages\/901","targetHints":{"allow":["GET"]}}],"collection":[{"href":"https:\/\/innovartpublicidad.mx\/index.php\/wp-json\/wp\/v2\/pages"}],"about":[{"href":"https:\/\/innovartpublicidad.mx\/index.php\/wp-json\/wp\/v2\/types\/page"}],"author":[{"embeddable":true,"href":"https:\/\/innovartpublicidad.mx\/index.php\/wp-json\/wp\/v2\/users\/1"}],"replies":[{"embeddable":true,"href":"https:\/\/innovartpublicidad.mx\/index.php\/wp-json\/wp\/v2\/comments?post=901"}],"version-history":[{"count":37,"href":"https:\/\/innovartpublicidad.mx\/index.php\/wp-json\/wp\/v2\/pages\/901\/revisions"}],"predecessor-version":[{"id":1111,"href":"https:\/\/innovartpublicidad.mx\/index.php\/wp-json\/wp\/v2\/pages\/901\/revisions\/1111"}],"wp:attachment":[{"href":"https:\/\/innovartpublicidad.mx\/index.php\/wp-json\/wp\/v2\/media?parent=901"}],"curies":[{"name":"wp","href":"https:\/\/api.w.org\/{rel}","templated":true}]}}